3*j - 813 + 2*j + 409 + 396. Determine c(5).
-13
Suppose 450 = -543*l + 498*l. Let p(t) = -t - 12. What is p(l)?
-2
Let b = 293 + -298. Let l be ((b - -1) + 5 - 6) + 0. Let q(g) = g**2 + 4*g + 2. What is q(l)?
7
Suppose 5*m + 25 = 0, -2*i + 2 - 10 = 4*m. Let w(y) = 2*y**3 + 248*y**2 - 4*y - 243*y**2 - y**3 + i. Suppose 20*p + 5 = 19*p + 3*u, -2*u + 25 = -5*p. Give w(p).
26
Let u(n) = -n**2 - 4*n + 40. Let g = -5899 - -5908. Determine u(g).
-77
Let o = -310 + 157. Let y = o - -157. Let c(b) = -b**2 - 5. Give c(y).
-21
Suppose 4*y - 1 - 11 = 0. Let k(u) = -3 - y + u + 4 + 0. Let q = -16 - -16. Calculate k(q).
-2
Let o(x) = -2*x**2 - 93*x + 941. Let q be o(-55). Let u(s) = -4*s + 11. Determine u(q).
-13
Let a(o) = -2. Let w(y) be the first derivative of -y**2/2 - 5*y + 208. Let z(v) = 15*a(v) - 6*w(v). Determine z(2).
12
Let m(i) = -4*i**2 + i - 13982 + 13982 - 3*i. Let s(z) = 2*z + 3. Let g be s(-3). What is m(g)?
-30
Let a(o) be the third derivative of o**4/24 - 11*o**3/6 + 2*o**2. Let q(m) = 20*m**2 - 7*m + 14. Let i be q(2). Suppose -6*k - i = -146. Determine a(k).
0
Let z(i) = -2*i**2 + 1 + 6*i - i**3 + i**2 - 3*i. Suppose 1 = -a - 3*m, 0*m + 2*m - 1 = -a. Suppose a*f = -3*x + 4, 3*x - 2 = -4*f - 0*f. What is z(x)?
-1
Let j(u) = -5*u**3 - 15*u**2 - 23*u + 23. Let d(b) = -b**3 - b + 1. Let c(i) = 3*i - 40. Let p be c(13). Let x(t) = p*j(t) + 6*d(t). Give x(16).
-1
Let f = 93342 + -93346. Let g(k) = -5*k + 4 - 2*k - 3*k. What is g(f)?
44
Let d(a) = -20 + 5 + 12 - a. Give d(-3).
0
Suppose -20 = -3*x + 4*o, 10*x - 13*x - 4*o = 20. Suppose x = -3*l - 14 + 23. Let w(v) = -8*v + v + 4*v + v. Determine w(l).
-6
Let u be (-20)/(-30) - 64/(-3). Let s = 25 - u. Suppose -5*a + 0*a - 4*b = 35, 0 = -5*a + s*b. Let g(x) = -x**3 - 3*x**2 + 3*x - 1. Determine g(a).
-10
Let w = -78 - -44. Let f be 36/180 + w*(-2)/10. Let z(o) be the first derivative of o**2/2 + 2*o - 8. What is z(f)?
9
Suppose -3 = -2*j + t, -j - 2*t - 8 = -6*j. Let q(g) = -6*g + 4. Let f(d) = d - 1. Suppose 15*m - 25*m + 10 = 0. Let b(w) = m*q(w) + 4*f(w). Give b(j).
-4
Let g(f) = 3*f**2 - 3*f - 4*f - 8*f**2 + 0*f**2 + 2 + 4*f**2. Suppose 6*s - 10*s - 28 = 0. Determine g(s).
2
Let k(h) = -7*h + 26964*h**2 + 10 + 0*h**3 + h**3 - 26957*h**2. Let o be ((-2)/4)/((-2)/32). Suppose 4*u + o = -q, 0*u - 8 = q + 3*u. Give k(q).
2
Let o = -22 - -29. Let b(j) = j - 7. Let a be 3*4*(-3)/6. Let z(y) = 2. Let c(s) = a*z(s) - b(s). Give c(o).
-12
Let i(b) = -8 - 37*b**3 + 14*b**3 + 7*b**3 - 8*b**2 + 4*b + 11*b**3. Let v(h) = h**3 + h**2 + 1. Let k(s) = i(s) + 4*v(s). Determine k(-5).
1
Let c(l) = l**2 - 4*l - 6. Suppose -3*w - 54 = -n + 77, -2*n = 2*w - 286. Let k = n - 135. Give c(k).
-1
Let t be (2 - 5)/3 + 0. Let y be t + (4/(-4) - 4). Let z(a) = -a**3 - 5*a**2 + 11 + 3*a - 5 + a + 4*a - a. Calculate z(y).
0
Let o(n) = -6*n + 7. Let b(s) = -13*s + 28. Let v(j) = -6*b(j) + 15*o(j). Determine v(-6).
9
Let r(s) = s**3 - 4*s**2 - 2*s + 6. Let p = 322 + -323. Let g be (9 - 6) + p + 1. Determine r(g).
-9
Let h(s) = 11*s**2 + 727*s - 730*s - 1 + 6. Let c(a) = -6*a**2 + a - 2. Let q(r) = -7*c(r) - 4*h(r). Calculate q(5).
-31
Let k(c) = -3*c - c - 23*c**2 - 14*c + 5*c + 19 - 69*c**3 + 72*c**3. Calculate k(8).
-21
Let l(f) be the second derivative of 11*f**3/2 + 2*f**2 + 7705*f. Calculate l(1).
37
Let r(b) = -27*b + 22*b + 2447 - 2447. Determine r(4).
-20
Let r(y) = -2*y**2 + 2*y - 51. Let f(b) = -2*b**2 + 2*b - 61. Let c(i) = 5*f(i) - 6*r(i). Give c(1).
1
Let h(u) = -19*u - 18. Suppose -5*f = -2*q - 35, 10*f - 2*q = 13*f - 21. Determine h(f).
-151
Let t(f) be the first derivative of f**3/3 + 7*f**2/2 - 22*f + 4. Let m(c) = 2*c**3 + 12*c**2 + 15*c - 13. Let b be m(-4). Give t(b).
-4
Let o(f) = 8*f + 1338206 + 6*f - 1338207. Determine o(-1).
-15
Let z = 76 + -73. Let w = -16 + 21. Suppose v = z*k + 22, 2*v = -k - 3 + w. Let y(q) = q + 8. Calculate y(k).
2
Let d(x) = -x - 2. Suppose -36*h + 44*h - 16 = 0. Let k be (h/4*0)/(-2 - 0). Calculate d(k).
-2
Let c = -11 + 13. Suppose 0 = 2*f + 3*h - 18, 3*f - 1 = h + h. Let u(j) = -160*j**c + j**3 - j**3 + j + 158*j**2 + j**f. Calculate u(3).
12
Let c(r) = 21*r - 19. Suppose 0 = 4*m - 21*m + 3 - 88. Give c(m).
-124
Let j(y) be the first derivative of y**2/2 + 3*y - 3781. What is j(16)?
19
Suppose 3*a + 0*o = -4*o - 6, -5*o = 4*a + 7. Let m(k) = 12 - 2*k - 10 + k. What is m(a)?
0
Let l = -107 - -212. Suppose 6*i = 4*j + 3*i - 157, 3*j + 2*i = l. Suppose 0 = -4*c + 13 - j. Let q(d) = d**2 + 10*d + 8. Determine q(c).
-16
Let y(l) = 4413*l - 136 - 2210*l - 2206*l + 27. Calculate y(-27).
-28
Let t(l) be the third derivative of -25/6*l**3 - 17*l**2 - 1/60*l**5 + 0*l + 0 + 7/24*l**4. Let d(j) be the first derivative of t(j). What is d(6)?
-5
Let l(b) be the second derivative of b**3/6 - 3*b**2 - 11*b. Suppose w - 16 = -12. Suppose -5*a + 3*r = -54, w*a - 5*r = 9*a - 30. Calculate l(a).
3
Let h(d) = -d**3 + 16*d**2 + 16*d + 30. Let w be h(17). Let x be 12/2 - (20 + (4 - w)). Let m(j) = -2*j**2 - 6*j - 9. What is m(x)?
-29
Let p(y) = 2*y**3 - y**2 - 6*y + 1. Suppose -4 = 4*k + 4*j, -25*j = -20*j - 5. What is p(k)?
-7
Suppose 5*w + 2*n - 18 = 0, -6*w + 3*w + 14 = 2*n. Let b(d) = 2*d - 2*d**w - 53*d**3 + 29*d**3 + 29*d**3 - 1. Calculate b(1).
4
Let w(i) = -85*i + 46*i - 3*i**3 - 9*i**2 + 3 + 41*i. Let c(b) = 4*b**3 + 9*b**2 - 3. Let s(v) = 4*c(v) + 5*w(v). Calculate s(7).
-25
Let h(i) be the third derivative of i**4/6 + i**3/3 + 14*i**2. Let z(c) = 29*c - 16. Let x be z(1). Suppose x - 28 = 5*k. Calculate h(k).
-10
Suppose 0 = -5*v + 2*s + 8 + 2, s = 3*v - 6. Let j(c) = -20*c + 6. Determine j(v).
-34
Let b(w) be the second derivative of -5*w**3/3 + 16*w**2 + 410*w + 8. Calculate b(4).
-8
Let l(u) = u**3 - 10*u**2 + 13*u - 15. Let y be (-5 - (-44)/8)*(95/5 + -1). Determine l(y).
21
Let i = -1 - 4. Let n(g) = g + 1. Let k(x) be the first derivative of 3*x**2/2 + 3*x + 707. Let r(m) = i*n(m) + 2*k(m). Give r(-2).
-1
Let w(n) = n**3 + 11*n**2 + 3 + 6 + 0*n**3 + 12 - 34. What is w(-10)?
87
Let c = -125 - -136. Let l(z) = -10*z + c*z + 8 + 4. Give l(-6).
6
Let h(f) = 15*f - 168. Let t(o) = 23*o - 261. Let d(v) = 7*h(v) - 5*t(v). What is d(13)?
-1
Let r(x) = x**2 - 3*x - 1. Suppose -26*g + 45 = -21*g. Suppose 3*o - 17 = -n - 0*n, -2*n + g = o. Suppose -2*v + 3*z - 35 = -6*v, -z = -n*v + 5. Calculate r(v).
9
Suppose 76*q - 3 = 79*q. Let y(m) = 151 - 296 + 148 + 4*m. Give y(q).
-1
Let z(d) be the first derivative of 2*d**3/3 - 71*d**2/2 - 50*d + 3503. Give z(36).
-14
Suppose 219*d - 1344 = -453*d. Let q(x) be the second derivative of -32*x - 1/20*x**5 + 3/4*x**4 - 4*x**d - 7/6*x**3 + 0. Calculate q(8).
0
Let r be (8/(-12))/((-16)/(-120)). Let n(v) = 15*v + 29. Let s(y) = -4*y - 7. Let h(o) = -2*n(o) - 9*s(o). What is h(r)?
-25
Let i(b) = -b**3 + 64*b**2 - 2*b + 132. Let y = 18801 + -18737. Calculate i(y).
4
Let l(j) be the first derivative of -j**3/3 - 8*j**2 + 2*j - 2051. Calculate l(-16).
2
Let j(x) be the third derivative of -x**5/20 - x**4/8 + x**3/6 - 167*x**2 + 8*x - 1. Determine j(-1).
1
Let q = 79 + -77. Suppose 2*y + q = -0. Let w(r) = -9*r**2 - r. Let d be w(y). Let m(h) = h + 7. What is m(d)?
-1
Let b(w) = w**3 + 4*w**2 - 7*w - 1. Let j(f) = f - 1. Let m(u) = -4*u - 26. Let y(l) = 3*j(l) - m(l). Let g be y(-4). Determine b(g).
9
Let y(c) = -c + 1. Let j = 34 + -26. Suppose -j = h - 12. Suppose -7*o = h*o - 44. What is y(o)?
-3
Let z(f) = -5*f - 28 + 23 - 3*f. Let o be 1*4*(-39 + 38). Determine z(o).
27
Let f(l) = l**2 + 8*l + 14. Suppose 96 + 40 = -103*t - 379. Give f(t).
-1
Suppose 11 = -h, -39*o - 7*h - 65 = -71*o + 36*o. Let i(s) be the first derivative of s**2/2 - 11*s - 1. Give i(o).
-8
Let m(f) = -f**3 - 2*f**2 - 6. Let l(z) = 3*z**3 - 4*z**2 + 6*z + 10. Let y be l(-1). What is m(y)?
3
Let o(c) = -c - 14. Suppose -89 = -r + 5*q, 2*q - 98 + 23 = -r. Suppose 0 = 76*j - r*j - 21. Determine o(j).
-7
Let m(i) be the second derivative of i**7/2520 + i**6/90 - 11*i**5/120 - 11*i**4/2 - 18*i + 2. Let c(t) be the third derivative of m(t). Calculate c(-9).
-2
Let a(q) = 20 + 27*q**2 - 10*q**2 + 3*q - 12*q**2 - q**3. Suppose -5*g - 18 = -8*g. Let t be a(g). Let m(d) = 3*d - 1. What is m(t)?
5
Let j(c) = -c**2 + 15*c + 1. Let t be (-1408)/(-56) - 2/14. Suppose 3*g - 5*g + h + t = 0,